{"id":145,"date":"2023-02-23T16:19:01","date_gmt":"2023-02-23T15:19:01","guid":{"rendered":"https:\/\/consfriburgo.esteri.it\/chi-siamo\/la-sede\/"},"modified":"2023-10-24T14:27:47","modified_gmt":"2023-10-24T12:27:47","slug":"la-sede","status":"publish","type":"page","link":"https:\/\/consfriburgo.esteri.it\/de\/chi-siamo\/la-sede\/","title":{"rendered":"Sitz"},"content":{"rendered":"<p><strong>Historischer Hintergrund<\/strong><\/p>\n<p style=\"text-align: justify;\">Obwohl die Region Freiburg im Breisgau vor und w\u00e4hrend des Zweiten Weltkriegs einige Hundert B\u00fcrger und Arbeiter italienischer Herkunft beherbergte, teilte das Ministerium am 20. Dezember 1942 die Notwendigkeit mit, eine k\u00f6nigliche Gesandtschaft in der Region einzurichten, ungeachtet der Ratlosigkeit des Personals und der Verwaltung jener Zeit. Prinz Marco Antonio Doria D&#8217;Angri, ein Mitglied der aristokratischen Familie der D&#8217;Angri-F\u00fcrsten, aber kein Angeh\u00f6riger der diplomatischen Laufbahn, wurde zu deren Leiter ernannt. Seine Karriere verlief bis zur Verhaftung Mussolinis und dem darauf folgenden italienischen Waffenstillstand, so dass nur diejenigen, die sich der Republik von Sal\u00f2 anschlossen, ihre Arbeit fortsetzen konnten. F\u00fcr die Konsulate war das Leben nicht mehr einfach, da die Botschaft in Berlin immer weniger vermitteln und eingreifen konnte, weshalb sie zunehmend auf sich allein gestellt waren und sich in einer prek\u00e4ren Situation mit den lokalen Beh\u00f6rden befanden, die ebenfalls auf sich allein gestellt und von der Zentralbeh\u00f6rde abgekoppelt waren. Au\u00dferdem gab es unter hochrangigen Faschisten die Idee, Konsuln, die als &#8222;moderat&#8220; oder unzuverl\u00e4ssig galten, auszuweisen, und Doria war einer von ihnen: Er wurde im Juni 1944 verhaftet, als sein Versuch, nach Rom zur\u00fcckzukehren, scheiterte. In dieser Zeit durchlief das Konsulat eine Periode von Machtwechseln bis zur Bombardierung der Stadt am 27. November 1944, in deren Folge das Freiburger B\u00fcro aufgrund des Zerst\u00f6rungsgrades nach Messkirch in Baden verlegt wurde.<\/p>\n<p style=\"text-align: justify;\">Nach Kriegsende bestand der Kontakt zwischen Freiburg und Italien sowohl in der R\u00fcckf\u00fchrung als auch in der Betreuung der verbliebenen Landsleute, eine Aufgabe, die den Offizieren der &#8222;Italienischen Milit\u00e4rverbindungsmission&#8220; anvertraut wurde; das italienische Unterst\u00fctzungsb\u00fcro blieb in der Stadt t\u00e4tig. Am Ende der akuten Notlage w\u00e4hrend der zweij\u00e4hrigen Periode 1945-1947 wurde dem Ministerium die Einrichtung eines Konsulats in Baden-Baden vorgeschlagen, und dank des sp\u00e4ten Beitritts von Rom und Paris wurde am 1. Februar 1948 das &#8222;B\u00fcro f\u00fcr italienische Interessen&#8220; er\u00f6ffnet. Um die konsularische Funktion zu reaktivieren, dauerte es ein weiteres Jahr, d.h. 1949, als die fehlende Zustimmung der franz\u00f6sischen Botschaft mit der Gr\u00fcndung der Bundesrepublik Deutschland als Konsularamt hinf\u00e4llig wurde. Ab 1951 wurde es als Konsularb\u00fcro reorganisiert. Etwa 20 Jahre lang fungierte das B\u00fcro als Vizekonsulat, bevor es ab 1973 aufgrund der Zunahme der in Freiburg ans\u00e4ssigen italienischen Bev\u00f6lkerung wieder volle konsularische Aufgaben \u00fcbernahm.<\/p>\n<p style=\"text-align: justify;\"><img loading=\"lazy\" decoding=\"async\" class=\"alignnone  wp-image-2707 img-fluid\" src=\"https:\/\/consfriburgo.esteri.it\/wp-content\/uploads\/2023\/10\/consolato-da-dietro-300x211.jpg\" alt=\"\" width=\"372\" height=\"261\" srcset=\"https:\/\/consfriburgo.esteri.it\/wp-content\/uploads\/2023\/10\/consolato-da-dietro-300x211.jpg 300w, https:\/\/consfriburgo.esteri.it\/wp-content\/uploads\/2023\/10\/consolato-da-dietro.jpg 768w\" sizes=\"auto, (max-width: 372px) 100vw, 372px\" \/><\/p>\n<p style=\"text-align: justify;\">\n<p style=\"text-align: justify;\"><strong>Wo sie uns finden<\/strong>:<\/p>\n<ul>\n<li style=\"text-align: justify;\"><a href=\"https:\/\/www.google.de\/maps\/place\/Augustinerpl.+2,+79098+Freiburg+im+Breisgau\/@47.9938372,7.8486931,17z\/data=!3m1!4b1!4m6!3m5!1s0x47911c9921f61b87:0x221c72c8ee94e81a!8m2!3d47.9938372!4d7.851268!16s%2Fg%2F11crx79rsp?entry=ttu\"><u>Position auf der Online-Karte<\/u><\/a><\/li>\n<\/ul>\n<p>&nbsp;<\/p>\n<p><strong>Unser Zust\u00e4ndigkeitsbereich<\/strong>:<\/p>\n<ul>\n<li><a href=\"https:\/\/consfriburgo.esteri.it\/wp-content\/uploads\/2023\/09\/Comuni-tedeschi-competenza-Consolato-Friburgo_de.pdf\">Liste der Gemeinden im Bezirk<\/a><\/li>\n<\/ul>\n<p>&nbsp;<\/p>\n<p><strong>Zust\u00e4ndigkeitsbereich \u00a0(n.9 Landkreise)<\/strong><\/p>\n<p>1- Breisgau-Hochschwarzwald (FR);<br \/>\n2- Emmendingen (EM);<br \/>\n3- Konstanz (KN);<br \/>\n4- L\u00f6rrach (L\u00d6);<br \/>\n5- Ortenau-Kreis (OG);<br \/>\n6- Rottweil (RW);<br \/>\n7- Schwarzwald-Baar-Kreis (VS);<br \/>\n8- Tuttlingen (TUT);<br \/>\n9- Waldshut (WT).<\/p>\n<p>&nbsp;<\/p>\n<p><strong>Hier ist die Karte der <a href=\"https:\/\/www.google.com\/maps\/d\/edit?mid=1-egtrvAmjLwRVSWbsobxq2NRdr0bAcw&amp;usp=sharing\">St\u00e4dtepartnerschaften in unserem Wahlkreis<\/a><\/strong>:<\/p>\n<p>Sie k\u00f6nnen auf die deutschen St\u00e4dte klicken, um zu sehen, mit welchen italienischen Gemeinden sie eine Partnerschaft haben.<\/p>\n","protected":false},"excerpt":{"rendered":"Historischer Hintergrund Obwohl die Region Freiburg im Breisgau vor und w\u00e4hrend des Zweiten Weltkriegs einige Hundert B\u00fcrger und Arbeiter italienischer Herkunft beherbergte, teilte das Ministerium am 20. Dezember 1942 die Notwendigkeit mit, eine k\u00f6nigliche Gesandtschaft in der Region einzurichten, ungeachtet der Ratlosigkeit des Personals und der Verwaltung jener Zeit. Prinz Marco Antonio Doria D&#8217;Angri, ein [&hellip;]","protected":false},"author":3,"featured_media":0,"parent":36,"menu_order":4,"comment_status":"closed","ping_status":"closed","template":"","meta":{"footnotes":""},"class_list":["post-145","page","type-page","status-publish","hentry"],"_links":{"self":[{"href":"https:\/\/consfriburgo.esteri.it\/de\/wp-json\/wp\/v2\/pages\/145","targetHints":{"allow":["GET"]}}],"collection":[{"href":"https:\/\/consfriburgo.esteri.it\/de\/wp-json\/wp\/v2\/pages"}],"about":[{"href":"https:\/\/consfriburgo.esteri.it\/de\/wp-json\/wp\/v2\/types\/page"}],"author":[{"embeddable":true,"href":"https:\/\/consfriburgo.esteri.it\/de\/wp-json\/wp\/v2\/users\/3"}],"replies":[{"embeddable":true,"href":"https:\/\/consfriburgo.esteri.it\/de\/wp-json\/wp\/v2\/comments?post=145"}],"version-history":[{"count":7,"href":"https:\/\/consfriburgo.esteri.it\/de\/wp-json\/wp\/v2\/pages\/145\/revisions"}],"predecessor-version":[{"id":3145,"href":"https:\/\/consfriburgo.esteri.it\/de\/wp-json\/wp\/v2\/pages\/145\/revisions\/3145"}],"up":[{"embeddable":true,"href":"https:\/\/consfriburgo.esteri.it\/de\/wp-json\/wp\/v2\/pages\/36"}],"wp:attachment":[{"href":"https:\/\/consfriburgo.esteri.it\/de\/wp-json\/wp\/v2\/media?parent=145"}],"curies":[{"name":"wp","href":"https:\/\/api.w.org\/{rel}","templated":true}]}}

<p><strong>Historischer Hintergrund</strong></p>
<p style="text-align: justify;">Obwohl die Region Freiburg im Breisgau vor und während des Zweiten Weltkriegs einige Hundert Bürger und Arbeiter italienischer Herkunft beherbergte, teilte das Ministerium am 20. Dezember 1942 die Notwendigkeit mit, eine königliche Gesandtschaft in der Region einzurichten, ungeachtet der Ratlosigkeit des Personals und der Verwaltung jener Zeit. Prinz Marco Antonio Doria D&#8217;Angri, ein Mitglied der aristokratischen Familie der D&#8217;Angri-Fürsten, aber kein Angehöriger der diplomatischen Laufbahn, wurde zu deren Leiter ernannt. Seine Karriere verlief bis zur Verhaftung Mussolinis und dem darauf folgenden italienischen Waffenstillstand, so dass nur diejenigen, die sich der Republik von Salò anschlossen, ihre Arbeit fortsetzen konnten. Für die Konsulate war das Leben nicht mehr einfach, da die Botschaft in Berlin immer weniger vermitteln und eingreifen konnte, weshalb sie zunehmend auf sich allein gestellt waren und sich in einer prekären Situation mit den lokalen Behörden befanden, die ebenfalls auf sich allein gestellt und von der Zentralbehörde abgekoppelt waren. Außerdem gab es unter hochrangigen Faschisten die Idee, Konsuln, die als &#8222;moderat&#8220; oder unzuverlässig galten, auszuweisen, und Doria war einer von ihnen: Er wurde im Juni 1944 verhaftet, als sein Versuch, nach Rom zurückzukehren, scheiterte. In dieser Zeit durchlief das Konsulat eine Periode von Machtwechseln bis zur Bombardierung der Stadt am 27. November 1944, in deren Folge das Freiburger Büro aufgrund des Zerstörungsgrades nach Messkirch in Baden verlegt wurde.</p>
<p style="text-align: justify;">Nach Kriegsende bestand der Kontakt zwischen Freiburg und Italien sowohl in der Rückführung als auch in der Betreuung der verbliebenen Landsleute, eine Aufgabe, die den Offizieren der &#8222;Italienischen Militärverbindungsmission&#8220; anvertraut wurde; das italienische Unterstützungsbüro blieb in der Stadt tätig. Am Ende der akuten Notlage während der zweijährigen Periode 1945-1947 wurde dem Ministerium die Einrichtung eines Konsulats in Baden-Baden vorgeschlagen, und dank des späten Beitritts von Rom und Paris wurde am 1. Februar 1948 das &#8222;Büro für italienische Interessen&#8220; eröffnet. Um die konsularische Funktion zu reaktivieren, dauerte es ein weiteres Jahr, d.h. 1949, als die fehlende Zustimmung der französischen Botschaft mit der Gründung der Bundesrepublik Deutschland als Konsularamt hinfällig wurde. Ab 1951 wurde es als Konsularbüro reorganisiert. Etwa 20 Jahre lang fungierte das Büro als Vizekonsulat, bevor es ab 1973 aufgrund der Zunahme der in Freiburg ansässigen italienischen Bevölkerung wieder volle konsularische Aufgaben übernahm.</p>
<p style="text-align: justify;"><img loading="lazy" decoding="async" class="alignnone  wp-image-2707 img-fluid" src="https://consfriburgo.esteri.it/wp-content/uploads/2023/10/consolato-da-dietro-300x211.jpg" alt="" width="372" height="261" srcset="https://consfriburgo.esteri.it/wp-content/uploads/2023/10/consolato-da-dietro-300x211.jpg 300w, https://consfriburgo.esteri.it/wp-content/uploads/2023/10/consolato-da-dietro.jpg 768w" sizes="auto, (max-width: 372px) 100vw, 372px" /></p>
<p style="text-align: justify;">
<p style="text-align: justify;"><strong>Wo sie uns finden</strong>:</p>
<ul>
<li style="text-align: justify;"><a href="https://www.google.de/maps/place/Augustinerpl.+2,+79098+Freiburg+im+Breisgau/@47.9938372,7.8486931,17z/data=!3m1!4b1!4m6!3m5!1s0x47911c9921f61b87:0x221c72c8ee94e81a!8m2!3d47.9938372!4d7.851268!16s%2Fg%2F11crx79rsp?entry=ttu"><u>Position auf der Online-Karte</u></a></li>
</ul>
<p>&nbsp;</p>
<p><strong>Unser Zuständigkeitsbereich</strong>:</p>
<ul>
<li><a href="https://consfriburgo.esteri.it/wp-content/uploads/2023/09/Comuni-tedeschi-competenza-Consolato-Friburgo_de.pdf">Liste der Gemeinden im Bezirk</a></li>
</ul>
<p>&nbsp;</p>
<p><strong>Zuständigkeitsbereich  (n.9 Landkreise)</strong></p>
<p>1- Breisgau-Hochschwarzwald (FR);<br />
2- Emmendingen (EM);<br />
3- Konstanz (KN);<br />
4- Lörrach (LÖ);<br />
5- Ortenau-Kreis (OG);<br />
6- Rottweil (RW);<br />
7- Schwarzwald-Baar-Kreis (VS);<br />
8- Tuttlingen (TUT);<br />
9- Waldshut (WT).</p>
<p>&nbsp;</p>
<p><strong>Hier ist die Karte der <a href="https://www.google.com/maps/d/edit?mid=1-egtrvAmjLwRVSWbsobxq2NRdr0bAcw&amp;usp=sharing">Städtepartnerschaften in unserem Wahlkreis</a></strong>:</p>
<p>Sie können auf die deutschen Städte klicken, um zu sehen, mit welchen italienischen Gemeinden sie eine Partnerschaft haben.</p>

Historischer Hintergrund Obwohl die Region Freiburg im Breisgau vor und während des Zweiten Weltkriegs einige Hundert Bürger und Arbeiter italienischer Herkunft beherbergte, teilte das Ministerium am 20. Dezember 1942 die Notwendigkeit mit, eine königliche Gesandtschaft in der Region einzurichten, ungeachtet der Ratlosigkeit des Personals und der Verwaltung jener Zeit. Prinz Marco Antonio Doria D&#8217;Angri, ein [&hellip;]
